{"id":14,"date":"2021-01-14T10:55:02","date_gmt":"2021-01-14T10:55:02","guid":{"rendered":"https:\/\/www.marnovacoruna.es\/?page_id=14"},"modified":"2024-10-03T14:41:47","modified_gmt":"2024-10-03T14:41:47","slug":"nosotros","status":"publish","type":"page","link":"https:\/\/www.marleonsl.com\/index.php\/nosotros\/","title":{"rendered":"Nosotros"},"content":{"rendered":"<div class=\"fusion-fullwidth fullwidth-box fusion-builder-row-1 fusion-flex-container has-pattern-background has-mask-background nonhundred-percent-fullwidth non-hundred-percent-height-scrolling\" style=\"--awb-background-position:center bottom;--awb-border-radius-top-left:0px;--awb-border-radius-top-right:0px;--awb-border-radius-bottom-right:0px;--awb-border-radius-bottom-left:0px;--awb-padding-top:90px;--awb-padding-bottom:0px;--awb-background-image:linear-gradient(180deg, var(--awb-color1) 0%,rgba(255,255,255,0) 39%);--awb-flex-wrap:wrap;\" ><div class=\"fusion-builder-row fusion-row fusion-flex-align-items-flex-start fusion-flex-justify-content-center fusion-flex-content-wrap\" style=\"max-width:1248px;margin-left: calc(-4% \/ 2 );margin-right: calc(-4% \/ 2 );\"><div class=\"fusion-layout-column fusion_builder_column fusion-builder-column-0 fusion_builder_column_1_1 1_1 fusion-flex-column\" style=\"--awb-bg-size:cover;--awb-width-large:100%;--awb-margin-top-large:0px;--awb-spacing-right-large:1.92%;--awb-margin-bottom-large:20px;--awb-spacing-left-large:1.92%;--awb-width-medium:100%;--awb-order-medium:0;--awb-spacing-right-medium:1.92%;--awb-spacing-left-medium:1.92%;--awb-width-small:100%;--awb-order-small:0;--awb-spacing-right-small:1.92%;--awb-spacing-left-small:1.92%;\"><div class=\"fusion-column-wrapper fusion-column-has-shadow fusion-flex-justify-content-flex-start fusion-content-layout-column\"><div class=\"fusion-text fusion-text-1\"><p><strong>MISION<\/strong><\/p>\n<p>Nuestra misi\u00f3n es crear valor econ\u00f3mico y social de forma sostenida para todas las partes implicadas en el negocio, ofreciendo siempre productos de m\u00e1xima calidad, as\u00ed como orientando nuestros esfuerzos a la satisfacci\u00f3n del cliente.<\/p>\n<p><strong>VISION<\/strong><\/p>\n<p>Ser una empresa con mejora continua en el desarrollo de nuestras operaciones, poniendo en marcha acciones que nos permitan ser reconocida por nuestros consumidores, empleados, clientes, proveedores y grupos de inter\u00e9s como una de las mejores empresas distribuidoras de alimentaci\u00f3n.<\/p>\n<p><strong>VALORES<\/strong><\/p>\n<p>Todos los miembros de la empresa compartimos un conjunto de valores, que nos permiten guiarnos por un objetivo com\u00fan, as\u00ed como llevar a cabo nuestra actividad de la manera m\u00e1s satisfactoria posible.<\/p>\n<ul>\n<li>Calidad: nuestro objetivo consiste en crear valor, siempre a trav\u00e9s de productos de la mejor calidad posible.<\/li>\n<li>Orientaci\u00f3n al cliente: somos conscientes de la gran importancia de nuestros clientes, por eso intentamos emprender acciones que conlleven a la satisfacci\u00f3n de los mismos.<\/li>\n<li>Salud alimentaria: defendemos la salud y la seguridad alimentaria a trav\u00e9s de nuestros productos.<\/li>\n<li>Compromiso y profesionalidad: defendemos unas relaciones personales basadas en el trabajo en equipo y el respeto, fomentando la participaci\u00f3n y el aprendizaje continuo.<\/li>\n<li>\u00c9tica laboral: llevamos a cabo una gesti\u00f3n transparente, ofreciendo informaci\u00f3n completa y \u00fatil, adem\u00e1s de cumplir con la legislaci\u00f3n y pol\u00edticas aplicables. Tenemos una visi\u00f3n a largo plazo, defendiendo la integridad moral, la lealtad y el respeto a las personas.<\/li>\n<li>Innovaci\u00f3n: creemos que la renovaci\u00f3n permanente en nuestras acciones es necesaria para el progreso empresarial, as\u00ed como para adaptarnos a los cambios en el entorno y en la sociedad.<\/li>\n<li>Rentabilidad: trabajamos para obtener unos resultados que nos permitan seguir creciendo y generando riqueza a la sociedad.<\/li>\n<\/ul>\n<\/div><\/div><\/div><\/div><\/div>\n","protected":false},"excerpt":{"rendered":"","protected":false},"author":1,"featured_media":0,"parent":0,"menu_order":0,"comment_status":"closed","ping_status":"closed","template":"100-width.php","meta":{"_seopress_robots_primary_cat":"","_seopress_titles_title":"Marleon Bierzo Distribuci\u00f3n de l\u00e1cteos y productos c\u00e1rnicos.","_seopress_titles_desc":"Comercio al por mayor de carnes, productos y derivados carnicos elaborados, huevos, aves y caza","_seopress_robots_index":"","footnotes":""},"class_list":["post-14","page","type-page","status-publish","hentry"],"_links":{"self":[{"href":"https:\/\/www.marleonsl.com\/index.php\/wp-json\/wp\/v2\/pages\/14","targetHints":{"allow":["GET"]}}],"collection":[{"href":"https:\/\/www.marleonsl.com\/index.php\/wp-json\/wp\/v2\/pages"}],"about":[{"href":"https:\/\/www.marleonsl.com\/index.php\/wp-json\/wp\/v2\/types\/page"}],"author":[{"embeddable":true,"href":"https:\/\/www.marleonsl.com\/index.php\/wp-json\/wp\/v2\/users\/1"}],"replies":[{"embeddable":true,"href":"https:\/\/www.marleonsl.com\/index.php\/wp-json\/wp\/v2\/comments?post=14"}],"version-history":[{"count":4,"href":"https:\/\/www.marleonsl.com\/index.php\/wp-json\/wp\/v2\/pages\/14\/revisions"}],"predecessor-version":[{"id":1387,"href":"https:\/\/www.marleonsl.com\/index.php\/wp-json\/wp\/v2\/pages\/14\/revisions\/1387"}],"wp:attachment":[{"href":"https:\/\/www.marleonsl.com\/index.php\/wp-json\/wp\/v2\/media?parent=14"}],"curies":[{"name":"wp","href":"https:\/\/api.w.org\/{rel}","templated":true}]}}